8)?
-8
Let o(r) = r**2 - 19*r - 173. Give o(-7).
9
Let j(w) = -w**2 + 48*w - 432. Determine j(26).
140
Let f(t) = -t**3 + 25*t**2 - 6*t - 429. Calculate f(24).
3
Let c(h) = -2*h**2 - 747*h + 8464. Determine c(11).
5
Let q(d) = -d**2 - 130*d + 1402. Determine q(10).
2
Let l(p) = -p**3 + 33*p**2 + 15*p - 498. Give l(33).
-3
Let z(f) = 273*f - 1644. Give z(6).
-6
Let s(c) = -2*c**3 + 24*c**2 + 57*c + 502. What is s(15)?
7
Let m(q) = -q**2 + 583*q - 1178. Determine m(2).
-16
Let a(k) = 43*k + 303. Calculate a(-12).
-213
Let r(z) = 19*z + 277. Give r(-17).
-46
Let r(c) = 1314*c - 76213. What is r(58)?
-1
Let y(l) = 758*l - 4564. Determine y(6).
-16
Let u(h) = -h**3 + 32*h**2 - 75*h + 1361. Calculate u(31).
-3
Let u(i) = -576*i + 12763. Determine u(22).
91
Let p(s) = -s**3 - 31*s**2 + 224*s + 66. Give p(-37).
-8
Let p(o) = -o**2 + 758*o - 11893. Calculate p(16).
-21
Let v(t) = 190*t**2 + 571*t - 8. Calculate v(-3).
-11
Let y(c) = -311*c - 606. Give y(-2).
16
Let f(y) = -y**2 + 23*y + 81. What is f(29)?
-93
Let c(l) = l**3 + 3*l**2 - 439*l - 877. Determine c(-2).
5
Let h(v) = -v**3 - 15*v**2 - 37*v - 16. What is h(-6)?
-118
Let c(d) = 12*d - 225. Determine c(13).
-69
Let r(u) = 4*u**3 + 111*u**2 + 769*u - 10. Determine r(-14).
4
Let v(y) = -16*y**3 - 47*y**2 - 46*y + 4. Calculate v(-1).
19
Let r(z) = 2*z**2 + 67*z - 1171. Calculate r(-46).
-21
Let x(t) = 12*t**2 + 50*t + 9. Give x(-3).
-33
Let w(b) = b**2 + 73*b + 398. Calculate w(-67).
-4
Let o(p) = 2*p**3 - 6*p**2 - 14*p + 61. What is o(5)?
91
Let c(t) = -t**3 + 4*t**2 - 15*t + 21. Give c(5).
-79
Let w(d) = d**2 + 114*d + 1385. Give w(-100).
-15
Let g(x) = 26*x - 258. Calculate g(9).
-24
Let n(f) = -f**2 + 10*f + 183. Give n(-12).
-81
Let g(a) = -236*a + 2835. Determine g(12).
3
Let t(d) = -d**3 + 19*d**2 + 287*d + 17. Determine t(29).
-70
Let s(d) = -2*d**3 - 53*d**2 - 19*d + 135. Determine s(-26).
-47
Let j(k) = k**2 - 26*k + 109. Determine j(26).
109
Let s(t) = -25*t + 357. Determine s(20).
-143
Let q(l) = -4*l + 107. What is q(35)?
-33
Let y(x) = x**3 + 31*x**2 - 17*x + 479. Give y(-32).
-1
Let g(d) = 5*d - 168. Determine g(33).
-3
Let r(x) = -921*x + 4599. What is r(5)?
-6
Let g(b) = 13*b**2 + 964*b + 267. Give g(-74).
119
Let h(q) = 901*q - 3599. Give h(4).
5
Let s(k) = -k**3 + 29*k**2 - 2*k - 17. What is s(29)?
-75
Let r(p) = 2*p**2 + 4*p - 23. Determine r(-5).
7
Let t(x) = 10*x - 42. Give t(-12).
-162
Let i(v) = -v**3 + 13*v**2 - 86*v + 194. Calculate i(4).
-6
Let p(b) = 14*b**2 + 340*b - 1374. Give p(4).
210
Let z(x) = -63*x**2 + 945*x + 19. Calculate z(15).
19
Let c(i) = -9*i + 1229. Give c(136).
5
Let a(j) = 4*j**2 - 171*j - 85. Determine a(44).
135
Let n(p) = p**3 + 131*p**2 - 1559*p - 15. Give n(11).
18
Let y(u) = -u**3 - 21*u**2 - 101*u - 537. Give y(-17).
24
Let c(r) = r**3 - 23*r**2 - 286*r + 36. Give c(-9).
18
Let a(o) = -4*o**3 - 108*o**2 + 109*o - 34. Give a(-28).
50
Let z(p) = 2*p**3 + 22*p**2 - 21*p - 9. Determine z(-12).
-45
Let z(g) = -88*g - 9426. Give z(-107).
-10
Let z(d) = 18*d**3 - 325*d**2 + 25*d - 147. What is z(18)?
-21
Let x(m) = -m**3 + 5*m**2 + 14*m + 10. What is x(8)?
-70
Let a(c) = -3*c**2 + 2*c - 13. Give a(4).
-53
Let j(a) = -4*a**2 + 15*a + 122. Give j(-4).
-2
Let x(m) = m**3 - 21*m**2 + 44*m - 10. Determine x(18).
-190
Let r(f) = 854*f + 6854. Calculate r(-8).
22
Let c(p) = 2*p**2 - 62*p + 178. What is c(3)?
10
Let q(d) = -89*d + 801. Give q(9).
0
Let w(t) = t**3 + 17*t**2 + 103*t + 169. Calculate w(-7).
-62
Let t(a) = -11*a**3 + 74*a**2 - 51*a + 22. Determine t(6).
4
Let g(u) = 693*u + 11073. What is g(-16)?
-15
Let r(z) = -259*z + 2873. What is r(11)?
24
Let b(s) = 8*s - 145. Give b(18).
-1
Let m(x) = -x**3 - 7*x**2 + 85*x + 47. Determine m(-12).
-253
Let d(c) = -3*c**2 - 70*c - 252. What is d(-19)?
-5
Let b(r) = -r**3 + 8*r**2 + 5*r + 6. Calculate b(9).
-30
Let q(c) = 6*c**2 - 2*c + 714. Determine q(0).
714
Let g(j) = -2*j**3 + 9*j**2 + 101*j - 466. Determine g(5).
14
Let a(j) = -j**2 + 838*j - 4158. Calculate a(5).
7
Let a(t) = 3*t**2 + 84*t + 33. Give a(-28).
33
Let s(l) = 2*l**3 + 388*l**2 + 78*l + 15145. Give s(-194).
13
Let u(l) = -40*l + 579. Determine u(12).
99
Let g(r) = 134*r - 10454. Calculate g(78).
-2
Let s(j) = j**2 - 12*j + 71. Calculate s(6).
35
Let d(x) = 12*x**2 + 2307*x + 576. Determine d(-192).
0
Let q(x) = x**3 + 22*x**2 - 101*x - 14. Calculate q(4).
-2
Let n(z) = 2*z**3 - 7*z**2 - 19*z - 8. Calculate n(-4).
-172
Let p(a) = 62*a - 5084. What is p(82)?
0
Let k(j) = j**3 + 7*j**2 - 154*j - 919. Give k(-6).
41
Let q(y) = -8*y + 147. Calculate q(16).
19
Let l(i) = -1329*i - 18600. Give l(-14).
6
Let s(a) = 26*a - 2781. Give s(106).
-25
Let u(l) = 19*l - 886. What is u(47)?
7
Let s(g) = -g**2 - 137*g - 2334. Calculate s(-20).
6
Let z(j) = 17*j - 696. Give z(41).
1
Let y(i) = -478*i + 31993. Determine y(67).
-33
Let r(i) = -8*i + 741. Give r(109).
-131
Let l(x) = x**2 - 31*x - 219. Calculate l(35).
-79
Let o(u) = u**3 - 5*u**2 - 102*u - 15. Calculate o(13).
11
Let x(b) = 206*b - 2288. Give x(11).
-22
Let z(l) = 45*l - 2836. Give z(63).
-1
Let x(m) = 2*m**3 - 16*m**2 - 98*m - 1. Determine x(-4).
7
Let x(z) = -z**3 + 2*z**2 - 9*z + 39. Calculate x(3).
3
Let r(v) = -v**3 + 47*v**2 + 346*v - 227. Give r(-7).
-3
Let t(f) = 1093*f - 23974. Calculate t(22).
72
Let r(h) = -h**3 + h**2 + 15*h + 56. Give r(-3).
47
Let j(b) = 2*b**3 - 68*b**2 - 70*b + 6. What is j(35)?
6
Let n(w) = -60*w**2 + 2*w + 4. Give n(-1).
-58
Let v(r) = 2*r**3 - 87*r**2 + 74*r - 1346. What is v(43)?
-13
Let z(g) = -2*g**2 + 14*g - 12. What is z(7)?
-12
Let p(t) = 64*t**2 + 568*t - 17. Give p(-9).
55
Let g(v) = -34981*v + 34975. What is g(1)?
-6
Let p(r) = 6*r**2 - 39*r + 38. What is p(8)?
110
Let l(p) = -60*p**2 + 120*p + 6. Calculate l(2).
6
Let f(h) = 2*h**2 + 98*h + 438. What is f(-47)?
250
Let w(k) = -k**3 + 194*k**2 - 192*k - 203. What is w(193)?
-10
Let p(l) = -4*l**2 - 29*l - 36. Give p(-5).
9
Let i(o) = 2*o**2 - 21*o - 1. Give i(1).
-20
Let m(n) = 23*n**2 + 36*n - 119. Give m(3).
196
Let d(i) = -3*i**3 - 75*i**2 - 10*i - 238. What is d(-25)?
12
Let o(b) = b**3 - 89*b**2 - 107*b + 1527. Give o(90).
-3
Let s(b) = -461*b + 1397. Determine s(3).
14
Let i(c) = -c**2 - 42*c + 384. Give i(8).
-16
Let f(k) = -2313*k - 43944. Determine f(-19).
3
Let t(d) = 3*d**2 - 5*d + 9. Determine t(5).
59
Let c(h) = -h**3 - 19*h**2 + 48*h + 21. Calculate c(-21).
-105
Let b(m) = 30*m - 423. Give b(-7).
-633
Let k(d) = d**3 - 3*d**2 - 33*d + 82. Calculate k(6).
-8
Let a(g) = 2*g**3 + 31*g**2 - 44*g + 112. Determine a(-17).
-7
Let v(d) = 1165*d - 15130. What is v(13)?
15
Let k(p) = -91*p + 2. Give k(-2).
184
Let q(n) = 21*n + 98. Give q(-2).
56
Let k(r) = -33*r + 26. Calculate k(5).
-139
Let b(d) = -d**2 - 82*d + 1231. Determine b(13).
-4
Let k(o) = -8*o - 178. Give k(-23).
6
Let q(r) = -2504*r - 10027. What is q(-4)?
-11
Let k(p) = -5*p**2 - 898*p - 3175. Calculate k(-176).
-7
Let f(n) = -156*n + 457. Calculate f(3).
-11
Let r(w) = 3*w**2 - 744*w - 8357. What is r(-11)?
190
Let y(b) = -82*b + 4509. Give y(55).
-1
Let x(l) = l**2 + 44*l + 134. What is x(-42)?
50
Let y(n) = n**3 + 17*n**2 - 805*n + 2068. Give y(-39).
1
Let b(l) = 400*l - 1450. Calculate b(5).
550
Let m(s) = -1046*s - 13602. Give m(-13).
-4
Let k(d) = -d**3 + 8*d**2 + 18*d + 5. Calculate k(-2).
9
Let x(q) = -q**3 + 41*q**2 - 130*q + 609. What is x(38)?
1
Let y(t) = -2*t**3 - 36*t**2 + t - 24. Determine y(-18).
-42
Let c(v) = 4*v**3 + 6*v**2 - 29*v - 121. What is c(-5)?
-326
Let p(n) = n**2 - 36*n - 52. Determine p(34).
-120
Let p(o) = -430*o**2 + 5161*o - 21. Give p(12).
-9
Let g(s) = -2*s**2 + 18*s + 6. Determine g(7).
34
Let m(j) = -j**3 + 12*j**2 + 69*j - 68. Give m(16).
12
Let j(w) = 4*w**2 - 54*w - 9. What is j(14)?
19
Let u(b) = -17*b**3 + 2*b**2 - 9*b + 12. Determine u(2).
-134
Let h(s) = -290*s - 10724. Give h(-37).
6
Let o(b) = 76*b - 384. Give o(5).
-4
Let c(j) = 367*j - 374. Determine c(1).
-7
Let n(w) = 3*w**2 + 224*w + 109. Calculate n(-74).
-39
Let u(d) = -31*d + 2425. What is u(80)?
-55
Let v(c) = 2*c**2 - 11*c - 2254. What is v(36)?
-58
Let g(q) = -277*q + 1606. Determine g(6).
-56
Let w(y) = y**2 + 60*y + 892. Determine w(-30).
-8
Let g(i) = -66*i + 7258. Calculate g(108).
130
Let f(r) = 265*r**2 - 350*r - 35